). Let u(s) = -s**2 + 11*s - 10. List the prime factors of u(p).
2, 7
Suppose -g = -0 - 1. Let i(u) = u + 4. Let v be i(9). Suppose 4*o - v = -g. What are the prime factors of o?
3
Let d = -3 - 1. Let m(o) = 2*o + 2. Let i be m(d). Let x(p) = p**3 + 5*p**2 - 6*p + 5. List the prime factors of x(i).
5
Let o be -24 + 2 - (-8)/4. List the prime factors of (12/o)/(2/(-30)).
3
Suppose 2*y - 26 = -4*j, 2*j = y - 2*j + 17. Suppose -i - 3*k = -1, 4*k = -4*i + y*k + 26. List the prime factors of i.
7
Let l(v) = -v**2 - 4*v - 3. Let y be l(-3). Suppose 6*w + 2*p - 66 = w, -w - 4*p + 6 = y. List the prime factors of w.
2, 7
What are the prime factors of (298/5)/(14/70)?
2, 149
Let r = -2 - 0. Let o = 3 - r. Let d(f) = -f**2 + 6*f + 6. List the prime factors of d(o).
11
Let s(l) = 6*l**2 - 6*l - 8. List the prime factors of s(4).
2
Let r be 1/(-4) - 21/(-4). Suppose -2*z + 5 = -3*v, -8 - 13 = 3*z + r*v. Let m = 0 - z. List the prime factors of m.
2
Let n be (-246)/(-10) - 4/(-10). Let p = 49 - n. List the prime factors of p.
2, 3
Let x(k) = -2*k - 10. Let s be x(-7). Suppose 0 = 2*m + 6, -i - 3*m - s = -0*i. What are the prime factors of i?
5
Suppose -3*b - 2*k - 3 = 5, 0 = 2*b - 5*k - 20. Suppose -4*x = -5*o + 149, b = 6*o - o + 4*x - 181. What are the prime factors of o?
3, 11
Let y(o) = 4*o - 13. List the prime factors of y(13).
3, 13
Let m(n) = n**3 - n**2 - 2*n + 20. List the prime factors of m(0).
2, 5
Let w be 4/(-22) - (-1385)/55. Let t = w + 4. What are the prime factors of t?
29
Suppose -4*b + 145 = b. Suppose 4*p + b - 165 = 0. List the prime factors of p.
2, 17
Let d be 1/(-2)*(4 + -4). Suppose 3*j - 27 = -d. What are the prime factors of j?
3
Let k = 189 + -108. List the prime factors of k.
3
Let o be (-52)/(-16) + (-6)/(-8). Let f(w) = 9*w + 1. Let d be f(1). Let h = d - o. What are the prime factors of h?
2, 3
Let q = -43 - -89. List the prime factors of q.
2, 23
Suppose 0 = o + 5*b - 4, b + 7 = 3*o - 5. Let d be (-2)/o - (-21)/6. Suppose 0*w - d*t - 19 = -w, -t = 4*w - 50. List the prime factors of w.
13
Let v(o) = -11*o - 3. Suppose 13 = -3*d - 0*x + x, 0 = -3*d - 2*x - 1. Let s be v(d). Let b = s + -16. List the prime factors of b.
2, 7
Let o = -5 + 4. List the prime factors of (o - -6) + 2 + -5.
2
Let c(b) = -2*b**2 - 18*b - 11. Let z(d) = 3*d**2 + 27*d + 17. Let w(u) = -7*c(u) - 5*z(u). Let v = -5 - 2. What are the prime factors of w(v)?
2, 3
Let c = 30 - -5. List the prime factors of c.
5, 7
Let k = 2 - -2. Suppose k*i - 8 = -0*i - 4*q, -5*q - 25 = 0. What are the prime factors of i?
7
Let f(h) be the second derivative of -h**5/20 - h**4/4 + 5*h**3/6 + 2*h. What are the prime factors of f(-5)?
5
Suppose -2*n + 3*n - 46 = 0. What are the prime factors of n?
2, 23
Let z be (-15)/20 + 1/(-4). Let t be z/1 + 4/4. Suppose t*p - 2*p = 5*l - 15, p - 11 = l. List the prime factors of p.
2, 5
Let u(i) = 18*i + 1. Let l(r) = -r + 7. Let k be l(6). Let a be u(k). Let q = a - 5. What are the prime factors of q?
2, 7
Let y(g) be the first derivative of 1/3*g**3 + 3 - 11*g - 3*g**2. List the prime factors of y(8).
5
Let z(q) = -2*q + 1. Let x be z(3). Let n be 7/x + (-8)/(-20). List the prime factors of 1 + n + 5 + -3.
2
Let c = -15 + 31. Suppose -3*b = -b - c. Suppose 4 + b = 2*z. List the prime factors of z.
2, 3
Suppose 3*b + 21 = -3. Let d = -6 - b. Suppose 0 = x + d*n - 5, n - 26 = -3*x - 6. List the prime factors of x.
7
What are the prime factors of 40*(3 - 2)*1?
2, 5
Let i = 503 + -186. List the prime factors of i.
317
Suppose 0 = 2*x - 4*n - 156, 3*n = -3*x - 2*n + 190. Suppose 3*s = s + x. What are the prime factors of s?
5, 7
Let u = 244 + -163. What are the prime factors of u?
3
Let s(c) = 2*c**2 + 2. Let i be 8/(-3)*(-9)/6. Let g be s(i). Suppose -y + 38 = 4*f, 0*f - g = -4*f - 3*y. List the prime factors of f.
2, 5
What are the prime factors of ((-132)/(-1))/(-1 + 3 - 1)?
2, 3, 11
Let n(w) = -w**2 + 6*w + 3. Let p be n(6). Suppose 0 = 2*z - i - 5, -p*z + 2*i = -5*z + 2. List the prime factors of z.
2
Let m be (-3 - 36/(-8))*-14. Let y = 42 + m. List the prime factors of y.
3, 7
Suppose -t = -o + 73, -3*o + 219 = t + t. What are the prime factors of o?
73
Let k = 5 - -2. What are the prime factors of k?
7
Let q(w) = 139*w**3 - w**2. What are the prime factors of q(1)?
2, 3, 23
Let t = 96 - 12. What are the prime factors of t?
2, 3, 7
Let r = 4 - -3. List the prime factors of r.
7
Let s(c) = -c**2 + 13*c - 10. Let d be 4*-3*(-15)/18. List the prime factors of s(d).
2, 5
Suppose -12 = -4*h + 2*h. Let d = h + -1. Suppose -d*q = -38 + 3. What are the prime factors of q?
7
Suppose -5*b + 9 = 2*w - 146, 5*b = 2*w - 105. Suppose 0 = 3*l + 2*l - w. List the prime factors of l.
13
Let d = 79 + -29. Suppose 2*c - 3*m - 33 = 0, c = -4*c + m + d. List the prime factors of (3/c)/((-1)/(-9)).
3
Suppose 96 = 2*x + f, -6*x - f = -11*x + 247. Suppose 5*k - x = 51. What are the prime factors of k?
2, 5
Suppose 0 = -5*d + 2*m + 1577, 3*d + 3*m - 751 - 212 = 0. List the prime factors of d.
317
Suppose 4*c - 3*b = -8*b + 98, 0 = c + 2*b - 23. What are the prime factors of c?
3
Suppose 0*m - m = -d + 61, 5*d = 3*m + 299. What are the prime factors of d?
2, 29
Let l = -40 - -176. What are the prime factors of l?
2, 17
Let i(q) = -q**3 + 17*q**2 - 18*q - 3. List the prime factors of i(15).
3, 59
Let z be -2 + 1 + -2 + 59. Let m = -27 + z. Suppose 3*l + m + 31 = 5*f, 2*l = 4*f - 50. What are the prime factors of f?
3, 5
Let b(c) be the first derivative of c**3 + 3*c**2/2 + 2*c + 3. Let o be b(-2). Suppose n - 2*n + o = 0. What are the prime factors of n?
2
Let y = -32 + 282. List the prime factors of y.
2, 5
Suppose -5*v + 4*v + 5 = 0. Suppose -4*x + 2*z = v - 23, 10 = x + 5*z. Suppose 3*j - x*f = -0*f + 56, -2*f = 8. What are the prime factors of j?
2, 3
Suppose 4*p = 5*o - o - 12, 5*p - 25 = 0. What are the prime factors of o?
2
Suppose 4*q - 489 = -3*b, 3*q - 5*b = -4*b + 357. What are the prime factors of q?
2, 3, 5
Suppose 34 = k - 5*g, 2*k - 92 - 12 = -2*g. What are the prime factors of k?
7
Let x be 3/(-6) + (-15)/(-2). Let i = x + -19. Let w = i + 23. List the prime factors of w.
11
Let y(d) = d**3 - d**2 + d - 2. Let g(z) = 4*z**2 + z. Let b be g(-1). What are the prime factors of y(b)?
19
Let o = 9 - 3. Suppose -i - 5*r = -48, o*i - 2*r = i + 240. Suppose -h + i = 3*h. List the prime factors of h.
2, 3
Let x(j) = -j**3 - 8*j**2 + 17*j - 15. List the prime factors of x(-11).
7, 23
Let t(y) = y**3 - 2*y**2 + 3*y - 3. Let w be t(2). Suppose -10 = 4*h - w*h. Let g = -6 - h. What are the prime factors of g?
2
Let b = -73 + 95. List the prime factors of b.
2, 11
Suppose -j = 3*y - 525, 3*y = 4*j + 233 + 307. What are the prime factors of y?
2, 11
Suppose 5*z - 180 = -20. What are the prime factors of z?
2
Suppose 4*f + 89 = 541. What are the prime factors of f?
113
List the prime factors of (-12 - -130) + -1*(2 + -3).
7, 17
Suppose -3*z + 375 = 42. List the prime factors of z.
3, 37
Let u(v) = v**2 - v - 3. Let d(b) = -2*b**2 + b + 3. Let n(s) = -2*d(s) - 3*u(s). List the prime factors of n(3).
3, 5
Suppose 5*s = x + 5, 2*x = -3*x + 25. Let q = -4 + s. List the prime factors of 42/(-4)*q/3.
7
Let v be 309/(-45) + (-2)/15. Let x = v + 12. Suppose -o - 2*o + 5*s = -62, 0 = -x*o - 3*s + 92. List the prime factors of o.
19
Let x = -27 - -112. List the prime factors of x.
5, 17
Let l(k) = -k**3 + 8*k**2 + 8*k. Let n be l(-7). Suppose -3 = -2*o + 1, -u - 2*o = -n. What are the prime factors of 2/(-7) - u/(-35)?
19
Suppose -2*m + 3*m = 8. Let p = m + -3. Suppose 2*n - 30 = -4*a + 3*n, -n + 33 = p*a. What are the prime factors of a?
7
Let g(s) = 15*s**3 + 2*s**2 - 1. Let p be g(1). Let t = -10 + p. List the prime factors of t.
2, 3
Let j(w) = 2*w**2 + 3*w + 7. What are the prime factors of j(9)?
2, 7
Let l(w) = 8*w**2 + w. Let f be l(1). Let x be 2*f/12*-26. Let j = -27 - x. What are the prime factors of j?
2, 3
Let f(p) = p**2 - p - 2. Let w be f(3). Let i = w + -2. List the prime factors of i.
2
Let z(n) = -n + 2. Let r be z(-5). Let a(p) = -p**2 + 4*p - 7. Let c be a(r). Let f = 41 + c. List the prime factors of f.
13
Let g(u) = -u**2 - 22*u - 18. What are the prime factors of g(-8)?
2, 47
Suppose 5*r + 3 - 43 = 5*c, -c - 5 = 0. What are the prime factors 